 53*a + 1641. Let b be k(-31). What is the tens digit of 1/b + (-855)/h?
8
Suppose 60*k = 63*k - 29988. Suppose -10*p = -31*p + k. What is the hundreds digit of p?
4
Suppose 2*z + 5*x + 85 = 7*z, 5*z - 35 = -5*x. Let p = z - -142. What is the hundreds digit of p?
1
Suppose 0 = f + 4*c - 4998, -2*f - 10003 = -4*f - c. What is the thousands digit of f?
5
What is the units digit of (2/(-6))/((-3872514)/(-193626) - 20) + -6?
1
Let t be (1/(-2) - 0)*-1132. Suppose 0 = -17*j - 10545 + 4136. Let g = t + j. What is the units digit of g?
9
Let s = 12080 - 5983. What is the units digit of s?
7
Let c(m) = -8*m**2 + 15*m + 4. Let s = 58 - 62. Let b be c(s). Let z = 354 + b. What is the tens digit of z?
7
Let g = -31 + -71. Let p be 8/(-4 - g/25). Let o = p - 91. What is the units digit of o?
9
Let b(k) = k**3 + 6*k**2 - k - 4. Let n be b(2). Suppose -2*v + 5 - n = -3*r, -3*r = -15. What is the hundreds digit of (v + 0)/(5/(-245))?
1
Let c(b) = b**2 - 26*b - 289. What is the tens digit of c(-17)?
4
Let m(i) = -33859*i + 581. What is the ten thousands digit of m(-1)?
3
Suppose 0*d + 87*d - 97005 = 0. What is the thousands digit of d?
1
Suppose -2*p + 80 = -296. Let j = 231 - p. What is the tens digit of j?
4
Let o = 16238 + -8082. What is the hundreds digit of o?
1
Let f be -9 + -57 - -2*(-8)/4. Let q = 74 + -3. Let v = q - f. What is the units digit of v?
1
Let a = -41 + 43. Let b be -2 + a - -4 - 2. Suppose -3*x + 55 = -n, b*x = -n + 48 - 8. What is the tens digit of x?
1
What is the units digit of (-1298996)/(-50) - (9 - 3632/400)?
0
Let m be (4/(-12) + -1)*(-5 + -4). Suppose -1037 = m*s - 8153. What is the tens digit of s?
9
Let v = 187820 + -105714. What is the tens digit of v?
0
Let p(d) = -d**2 + 9*d + 35 - 25*d - 36 - 9*d. Suppose 4*s = -2*r - 60, 4*r - 2*r + 44 = -3*s. What is the hundreds digit of p(s)?
1
Suppose -6*y = -7 - 5. Suppose -y*c = 238 - 1980. What is the units digit of c?
1
Suppose -5*l + 3*d = -38969, -l + d = l - 15587. Suppose 4*g = -4*c + l, -c = -3*g + 3791 + 2041. What is the units digit of g?
5
Suppose -j - 1242 = -1244. Suppose 0 = -24*a + 26*a - 10, 5*v = -j*a + 5590. What is the tens digit of v?
1
Let s(a) = -12*a**3 - 29*a**2 + 32*a + 219. What is the tens digit of s(-10)?
9
Let k(m) = 85*m - 21*m + 32*m + 6 - 4*m. What is the tens digit of k(3)?
8
Let f(z) = z**3 + 24*z**2 - 28*z + 24. Let o be f(-25). Suppose o = 2*t - 3*k - 550, 5*k + 1635 = 5*t. What is the hundreds digit of t?
3
Let r be (-1 - (-15)/6)*(-1 - -3). Suppose 0 = -r*y + 5*z + 77 + 1399, 5*z - 472 = -y. What is the tens digit of y?
8
What is the thousands digit of (13008/(-40))/((-9)/60)?
2
Suppose 11*h - 8*h + 10*h = 136799. What is the thousands digit of h?
0
Let l(m) = 3*m + 53. Let t be l(-19). What is the tens digit of 220/(t - -9) + -4?
4
What is the thousands digit of ((-14)/56)/(8/(-143872))?
4
Let q = -28 - -396. Let b = 1068 + q. What is the hundreds digit of b?
4
Let u(s) = 11*s. Let y(c) = -17*c. Let p be y(5). Let w = -84 - p. What is the units digit of u(w)?
1
Let v(r) = r**2 + 7*r - 3. Suppose 11 - 61 = -5*c. Let d be v(c). Suppose 2*l - d + 15 = 0. What is the units digit of l?
6
Let f = -69 + 137. Let s = 70 - f. What is the hundreds digit of -1 - 24/8 - (-336)/s?
1
Suppose 27*q - 163993 - 870972 = 186650. What is the units digit of q?
5
Suppose 12*z - 103678 + 31546 = 0. What is the units digit of z?
1
Let k(x) = 5*x**3 + 4*x**2 - 21*x + 132. What is the units digit of k(5)?
2
Let l = 483 + -488. What is the thousands digit of (2 + -3)*5410/l?
1
Suppose 0*f + 2*f + 4*j = -36, 5*j + 10 = f. Let g be (-5)/(f/3) - (-7257)/6. Suppose 21*a - g = 14*a. What is the hundreds digit of a?
1
What is the hundreds digit of (-2358340)/(-65) - 3 - (-40)/(-260)?
2
Suppose 68*p - 62677 = 624667. What is the units digit of p?
8
Suppose 52 = 17*w + 1. Suppose 5*a + 5*j = 50, w*a - 5*j = -4*j + 10. Suppose a*v - 147 = 188. What is the tens digit of v?
6
Suppose 2*k - 60 = -2*k. Suppose -71*l = -76*l + k. Suppose -l*r = y - 87, -r + 381 = 4*y - 0*r. What is the units digit of y?
6
Let b(g) = -5*g**3 - 6*g**2 + 24*g + 20. Let o be b(-9). Suppose 14*f = o + 3491. What is the tens digit of f?
6
Let i be (-1)/(-2)*(0 - -6). What is the hundreds digit of 266 - i*12/9?
2
Let n(m) = -m**2 - 13*m + 8 - 5*m + 29 - 10. Let s(k) = -2*k**3 + 4*k - 8. Let b be s(2). What is the units digit of n(b)?
9
What is the ten thousands digit of 363975/23 - (-4)/(-5)*10/(-4)?
1
Let d = -279 + 1075. What is the tens digit of d?
9
What is the hundreds digit of ((-3600)/(-168))/(984/(-987) - -1)?
0
Let b(m) be the second derivative of m**4/12 + m**3/3 - 341*m**2/2 - 32*m. Let c be b(0). Let n = c + 479. What is the hundreds digit of n?
1
Let y be (8/(-12) + 1)*-42. Suppose 0*n = -n + 84. Let r = y + n. What is the units digit of r?
0
Let h(w) = w**3 - 10*w**2 + 2*w - 14. Let m(p) = -p**2 - p - 1. Let o be (-28)/70 + (-14)/(-10). Let q(t) = o*h(t) - 6*m(t). What is the tens digit of q(4)?
2
Let b = 693 + -210. Let r = 808 - b. What is the tens digit of r?
2
Let u(o) = o**3 + 17*o**2 - 20*o - 34. Let i be u(-18). Let w = -43 - -113. Suppose -i - w = -3*h. What is the units digit of h?
4
Let u(d) = 53*d**2 - 280*d + 61. What is the units digit of u(20)?
1
Suppose -1414 = 5*h + 5*z + 3801, 3131 = -3*h - z. Let n = 1500 + h. What is the hundreds digit of n?
4
Let s be (-30)/(-4)*(-2)/3. Let b be ((-16)/10)/((-2)/s). Let n = 45 + b. What is the units digit of n?
1
Suppose 4*h = 5*u - 122654, -1015*h + 1017*h = -12. What is the hundreds digit of u?
5
Suppose 69*r - 647776 = 53*r. What is the units digit of r?
6
Suppose -8*p + 12*p + 4*x = 0, -5*x = 0. Suppose p = -82*s + 83*s - 274. What is the tens digit of s?
7
Let a = 14673 - -17592. What is the thousands digit of a?
2
Let s(f) = -7*f**3 - 2*f**2 - f. Let l be s(-1). Suppose -l*d + 2*d + 3*u + 15 = 0, -5*d = 3*u - 12. Let b(q) = 17*q + 2. What is the tens digit of b(d)?
5
Let l(v) be the first derivative of -v**3/3 - 45*v**2/2 + 22*v - 68. What is the tens digit of l(-11)?
9
Let h(d) = -3*d + 15*d**2 - 8 + 35*d**2 - 4. What is the tens digit of h(-3)?
4
Let s(p) = 17*p**2 - 3*p**3 - 8*p - 15 + 33*p + 19*p**2. What is the tens digit of s(12)?
8
Let d(m) = 15861*m**2 - 11*m + 12. What is the hundreds digit of d(1)?
8
Let m be (-114)/(-18) + 5/(-15). Suppose 1 = -2*z + 153. Suppose m*f - 44 = z. What is the units digit of f?
0
Let l(b) = -10*b - 118. Let o be l(-12). Suppose -3*y + 3056 = 2*v, -3*v = -o*y + 104 + 1916. What is the thousands digit of y?
1
Let o(v) = -v**3 - 2*v**2 + 6*v + 14. Let d be o(-2). Let q(i) = 68*i**3 + 2*i**2 + i. What is the tens digit of q(d)?
5
Suppose -u - 8*d = -6*d - 4361, 0 = 5*u - d - 21783. Suppose -5*v + 5*w = 8*w - 7239, -3*v = -5*w - u. What is the thousands digit of v?
1
Let k be (-4 + (2 - 0) + 0)*-2. Suppose 4*i + 4*h - 12 = 0, -k*h = -3*i - 0*h - 26. Let u(l) = 10*l**2 + 2*l + 7. What is the units digit of u(i)?
3
What is the thousands digit of 1/9 + 21566720/1440?
4
Let d be 0 - 4/1 - -7. Suppose -d = 6*y - 9. What is the units digit of (9 - (-3 + 3))*y?
9
Suppose -95*c - 28677 = -4*a - 90*c, -7188 = -a - 5*c. What is the thousands digit of a?
7
Let c = 34 + 52. Let l = 342 - c. Suppose -11 = -3*v + l. What is the tens digit of v?
8
Let o = -14033 + 25216. What is the ten thousands digit of o?
1
Suppose -q - g = -5*g - 243, 3*q - 669 = -3*g. Let n = -192 + 65. Let k = q + n. What is the hundreds digit of k?
1
Let w = -19 + 24. Suppose w - 38 = -l. Suppose -l*c - 114 = -36*c. What is the tens digit of c?
3
Let n(c) = -c**2 + 17*c + 64. Let a be n(20). Let p(l) = 39*l + 2*l**2 - 13*l + l**2 + 4. What is the hundreds digit of p(a)?
1
Suppose -c - 3*w = -14147, -17*c = -19*c - 3*w + 28309. What is the ten thousands digit of c?
1
Suppose -44*q = -48*q + 1044. Let j = q + -167. What is the units digit of j?
4
Let x(k) = 11*k**2 + 287*k + 14. What is the hundreds digit of x(24)?
2
Let w be 12*-2*((-26)/(-6) + -3). Let i be 2960/w*(-1 - 2/(-10)). Let b = i - -65. What is the units digit of b?
9
What is the units digit of 18/9 + 5 + 6968?
5
Suppose -15*c + 14*c + 73 = 0. Suppose 202 = p + c. What is the hundreds digit of 2/(2/p) - (-20 - -23)?
1
Let k(j) = 8 - 25 + j**2 + 10 - 8*j. Let l be k(9). Suppose 7*